{"id":3056,"date":"2017-10-04T15:25:50","date_gmt":"2017-10-04T15:25:50","guid":{"rendered":"https:\/\/www.monnaieroyale.com\/desjardins\/?page_id=3056"},"modified":"2017-10-30T19:15:58","modified_gmt":"2017-10-30T19:15:58","slug":"pieces-dor","status":"publish","type":"page","link":"https:\/\/www.monnaieroyale.com\/investissement\/pieces-dor\/","title":{"rendered":"Pi\u00e8ce d&#8217;or"},"content":{"rendered":"<div class=\"row sc  \"><div class=\"item col-md-9 \">\n<h1>UNE R\u00c9F\u00c9RENCE MONDIALE<\/h1>\n<p>La pi\u00e8ce Feuille d\u2019\u00e9rable en or (F\u00c9O) de la Monnaie royale canadienne compte parmi les pi\u00e8ces en or pur les plus pris\u00e9es du monde. En effet, depuis le lancement de ce produit en 1979, la Monnaie en a vendu plus de 25 millions d\u2019onces troy. La F\u00c9O a aussi \u00e9t\u00e9 la premi\u00e8re pi\u00e8ce d\u2019investissement \u00e0 atteindre la norme de puret\u00e9 9999.<\/p>\n<h1>S\u00c9CURIT\u00c9 EXCEPTIONNELLE<\/h1>\n<p>Les lignes radiales sur le champ de la nouvelle F\u00c9O 2017 ont \u00e9t\u00e9 minutieusement grav\u00e9es, au micron pr\u00e8s, sur l&#8217;outillage prototype pour assurer leur reproduction exacte d&#8217;un coin \u00e0 l&#8217;autre et d&#8217;une pi\u00e8ce \u00e0 l&#8217;autre. La largeur et l&#8217;espacement particuliers des lignes cr\u00e9ent un effet de diffraction propre \u00e0 cette pi\u00e8ce.<\/p>\n<p>En 2013, la Monnaie a mis en \u0153uvre une nouvelle caract\u00e9ristique de s\u00e9curit\u00e9 exceptionnelle pour garantir l\u2019authenticit\u00e9 de ses pi\u00e8ces F\u00c9O. Inspir\u00e9e des technologies de s\u00e9curit\u00e9 r\u00e9compens\u00e9es par la presse internationale, et qu\u2019elle a utilis\u00e9es sur les pi\u00e8ces de circulation canadiennes de 1 dollar et de 2 dollars, la Monnaie a int\u00e9gr\u00e9 \u00e0 la F\u00c9O un motif de feuille d\u2019\u00e9rable textur\u00e9 et micrograv\u00e9 au laser sur une petite surface du revers de la pi\u00e8ce (c\u00f4t\u00e9 feuille d\u2019\u00e9rable). Au centre du motif figure le chiffre \u00ab 17 \u00bb, ann\u00e9e d\u2019\u00e9mission de la pi\u00e8ce, invisible \u00e0 l\u2019\u0153il nu.<\/div>\n<div class=\"item col-md-3 \">\n<div class=\"productmenu\">\n<h2>Produits en or<\/h2>\n<p><a href=\"https:\/\/www.monnaieroyale.com\/investissement\/plaquette-en-or\/\">Plaquette en or<\/a><a href=\"https:\/\/www.monnaieroyale.com\/investissement\/lingodor\/\">Lingot d&#8217;or<\/a><a href=\"https:\/\/www.monnaieroyale.com\/investissement\/or-25\/\">OrAuGramme | 25<\/a><a href=\" https:\/\/www.monnaieroyale.com\/investissement\/oraugramme-8\/\">OrAuGramme | 8<\/a><\/p>\n<\/div>\n<\/div><\/div>\n<p>&nbsp;<\/p>\n<style type=\"text\/css\">\n.tg  {border-collapse:collapse;border-spacing:0;border-color:#ccc;}\n.tg td{font-family:Roboto, sans-serif;font-size:14px;padding:9px 13px;border-style:solid;border-width:1px;overflow:hidden;word-break:normal;border-color:#ccc;color:#333;background-color:#fff;}\n.tg th{font-family:family:Roboto, sans-serif;font-size:14px;font-weight:normal;padding:9px 13px;border-style:solid;border-width:1px;overflow:hidden;word-break:normal;border-color:#ccc;color:#333;background-color:#ffffff;}\n.tg .tg-s6z2{text-align:left}\n.tg .tg-gvlw{font-size:100%;font-family:\"family:Roboto, Helvetica sans-serif !important;;vertical-align:top}\n.tg .tg-yw4l{vertical-align:top}\n<\/style>\n<table class=\"tg\">\n<tr>\n<td class=\"tg-yw4l\">Poids (oz)<\/td>\n<td class=\"tg-031e\">1<\/td>\n<td class=\"tg-031e\">1\/2<\/td>\n<td class=\"tg-031e\">1\/4<\/td>\n<td class=\"tg-yw4l\">1\/10<\/td>\n<td class=\"tg-yw4l\">1\/20<\/td>\n<\/tr>\n<tr>\n<td class=\"tg-yw4l\">Poids (g)<\/td>\n<td class=\"tg-031e\">31.<SUP>11<\/SUP><\/td>\n<td class=\"tg-031e\">15.<SUP>55<\/1SUP><\/td>\n<td class=\"tg-031e\">7.<SUP>78<\/SUP><\/td>\n<td class=\"tg-yw4l\">3.<SUP>11<\/SUP><\/td>\n<td class=\"tg-yw4l\">1.<SUP>56<\/SUP><\/td>\n<\/tr>\n<tr>\n<td class=\"tg-yw4l\">Puret\u00e9 (%)<\/td>\n<td class=\"tg-s6z2\" colspan=\"5\">99.99<\/td>\n<\/tr>\n<tr>\n<td class=\"tg-yw4l\">Diam\u00e8tre (mm)<\/td>\n<td class=\"tg-031e\">30<\/td>\n<td class=\"tg-031e\">25<\/td>\n<td class=\"tg-031e\">20<\/td>\n<td class=\"tg-yw4l\">16<\/td>\n<td class=\"tg-yw4l\">14.<SUP>1<\/SUP><\/td>\n<\/tr>\n<\/table>\n","protected":false},"excerpt":{"rendered":"<p>&nbsp; Poids (oz) 1 1\/2 1\/4 1\/10 1\/20 Poids (g) 31.11 15.55 7.78 3.11 1.56 Puret\u00e9 (%) 99.99 Diam\u00e8tre (mm) 30 25 20 16 14.1<\/p>\n","protected":false},"author":8,"featured_media":3057,"parent":0,"menu_order":0,"comment_status":"closed","ping_status":"closed","template":"","meta":{"footnotes":""},"class_list":["post-3056","page","type-page","status-publish","has-post-thumbnail","hentry","clearfix"],"_links":{"self":[{"href":"https:\/\/www.monnaieroyale.com\/investissement\/wp-json\/wp\/v2\/pages\/3056","targetHints":{"allow":["GET"]}}],"collection":[{"href":"https:\/\/www.monnaieroyale.com\/investissement\/wp-json\/wp\/v2\/pages"}],"about":[{"href":"https:\/\/www.monnaieroyale.com\/investissement\/wp-json\/wp\/v2\/types\/page"}],"author":[{"embeddable":true,"href":"https:\/\/www.monnaieroyale.com\/investissement\/wp-json\/wp\/v2\/users\/8"}],"replies":[{"embeddable":true,"href":"https:\/\/www.monnaieroyale.com\/investissement\/wp-json\/wp\/v2\/comments?post=3056"}],"version-history":[{"count":5,"href":"https:\/\/www.monnaieroyale.com\/investissement\/wp-json\/wp\/v2\/pages\/3056\/revisions"}],"predecessor-version":[{"id":3080,"href":"https:\/\/www.monnaieroyale.com\/investissement\/wp-json\/wp\/v2\/pages\/3056\/revisions\/3080"}],"wp:featuredmedia":[{"embeddable":true,"href":"https:\/\/www.monnaieroyale.com\/investissement\/wp-json\/wp\/v2\/media\/3057"}],"wp:attachment":[{"href":"https:\/\/www.monnaieroyale.com\/investissement\/wp-json\/wp\/v2\/media?parent=3056"}],"curies":[{"name":"wp","href":"https:\/\/api.w.org\/{rel}","templated":true}]}}